{"id":33,"date":"2020-09-03T22:04:25","date_gmt":"2020-09-03T22:04:25","guid":{"rendered":"https:\/\/fit-training.ch\/?page_id=33"},"modified":"2020-11-26T21:14:42","modified_gmt":"2020-11-26T21:14:42","slug":"xco-walking","status":"publish","type":"page","link":"https:\/\/fit-training.ch\/index.php\/xco-walking\/","title":{"rendered":"XCO Walking"},"content":{"rendered":"<p>XCO\u00ae-Walking\/-Running\u00a0ist ein ideales Ausdauersportprogramm f\u00fcr Einsteiger,<br \/>\nFortgeschrittene, Leistungssportler, \u00dcbergewichtige oder auch f\u00fcr Senioren.<\/p>\n<p>Die beiden witterungsbest\u00e4ndigen Aluminiumr\u00f6hren sind ca. 27 cm lang, haben ein Gewicht von je 650g und sind zu zwei Drittel mit losem Schiefergranulat gef\u00fcllt. Diese Masse bewegt sich bei Bewegung zeitverz\u00f6gert mit und erzeugt so eine reaktive Wirkung, den sogenannte XCO-EFFEKT.\u00a0Dieser Effekt trainiert nicht nur die Muskeln, sondern erreicht auch die tieferliegenden Muskelareale, B\u00e4nder, Gelenke und regt das Wachstum des Bindegewebes an.\u00a0Die XCO&#8217;s werden in den Bewegungsablauf integriert und intensiviert so das Lauf,- und Walking Training. F\u00fcr den Aufbau von K\u00f6rperspannung, Kraft, Ausdauer, Beweglichkeit und Koordination. Walking\/Running und Kraft\u00fcbungen an Ort wechseln sich ab und ergeben so ein effizientes Ganzk\u00f6rpertraining (Total-Body-Workout).<\/p>\n<p><span class=\"headline\">XCO<sup>\u00ae<\/sup> WALKING &amp; RUNNING &#8211; <\/span><span class=\"subheadline_rot\">mehr als nur Laufen mit Gewichten!<\/span><\/p>\n<p>\u2022 ist deutlich effektiver als Walken<br \/>\n\u2022 Kr\u00e4ftigung der Tiefen- und Oberfl\u00e4chenmuskulatur<br \/>\n\u2022 Gelenkkr\u00e4ftigung \u201ereaktive\u201c K\u00f6rperreaktion (sensomotorischer Reiz)<br \/>\n\u2022 Sehnen, B\u00e4nder, Knochen, Knorpel regenerieren schneller<br \/>\n\u2022 hat wegen der hohen Muskelbeteiligung einen enorm hohen Energieverbrauch<br \/>\n\u2022 verbessert Rhythmusgef\u00fchl<br \/>\n\u2022 steigert durch aktiven Einsatz der Atemhilfsmuskulatur die Sauerstoffversorgung des\u00a0gesamten Organismus<br \/>\n\u2022 trainiert alle f\u00fcnf motorischen Hauptbeanspruchungsformen: Ausdauer, Kraft,\u00a0Beweglichkeit, Koordination und Schnelligkeit<br \/>\n\u2022 l\u00f6st Verspannungen im Schulter- und Nackenbereich<br \/>\n\u2022 verz\u00f6gert den Alterungsprozess<br \/>\n\u2022 f\u00f6rdert den Abbau von Stresshormonen<br \/>\n\u2022 st\u00e4rkt das Immunsystem<\/p>\n<p>Kurse finden in der Gruppengr\u00f6sse zwischen 4-8 Teilnehmer\/innen statt. Die XCO&#8217;s werden f\u00fcr die Kursdauer zur Verf\u00fcgung gestellt.<\/p>\n<p>Momentan gibt es keine laufenden Kurse im Angebot.\u00a0Auf Anfrage kann aber jederzeit ein Personaltraining auch in Kleingruppen gebucht werden.<\/p>\n","protected":false},"excerpt":{"rendered":"<p>XCO\u00ae-Walking\/-Running\u00a0ist ein ideales Ausdauersportprogramm f\u00fcr Einsteiger, Fortgeschrittene, Leistungssportler, \u00dcbergewichtige oder auch f\u00fcr Senioren. Die beiden witterungsbest\u00e4ndigen Aluminiumr\u00f6hren sind ca. 27&hellip;<\/p>\n","protected":false},"author":1,"featured_media":0,"parent":0,"menu_order":0,"comment_status":"closed","ping_status":"closed","template":"","meta":[],"yoast_head":"<!-- This site is optimized with the Yoast SEO plugin v17.1 - https:\/\/yoast.com\/wordpress\/plugins\/seo\/ -->\r\n<title>XCO Walking - Fit-Training<\/title>\r\n<meta name=\"robots\" content=\"index, follow, max-snippet:-1, max-image-preview:large, max-video-preview:-1\" \/>\r\n<link rel=\"canonical\" href=\"https:\/\/fit-training.ch\/index.php\/xco-walking\/\" \/>\r\n<meta property=\"og:locale\" content=\"de_DE\" \/>\r\n<meta property=\"og:type\" content=\"article\" \/>\r\n<meta property=\"og:title\" content=\"XCO Walking - Fit-Training\" \/>\r\n<meta property=\"og:description\" content=\"XCO\u00ae-Walking\/-Running\u00a0ist ein ideales Ausdauersportprogramm f\u00fcr Einsteiger, Fortgeschrittene, Leistungssportler, \u00dcbergewichtige oder auch f\u00fcr Senioren. Die beiden witterungsbest\u00e4ndigen Aluminiumr\u00f6hren sind ca. 27&hellip;\" \/>\r\n<meta property=\"og:url\" content=\"https:\/\/fit-training.ch\/index.php\/xco-walking\/\" \/>\r\n<meta property=\"og:site_name\" content=\"Fit-Training\" \/>\r\n<meta property=\"article:modified_time\" content=\"2020-11-26T21:14:42+00:00\" \/>\r\n<meta name=\"twitter:card\" content=\"summary_large_image\" \/>\r\n<meta name=\"twitter:label1\" content=\"Gesch\u00e4tzte Lesezeit\" \/>\n\t<meta name=\"twitter:data1\" content=\"1\u00a0Minute\" \/>\r\n<script type=\"application\/ld+json\" class=\"yoast-schema-graph\">{\"@context\":\"https:\/\/schema.org\",\"@graph\":[{\"@type\":\"WebSite\",\"@id\":\"https:\/\/fit-training.ch\/#website\",\"url\":\"https:\/\/fit-training.ch\/\",\"name\":\"Fit-Training\",\"description\":\"von Jsabelle Blattmann\",\"potentialAction\":[{\"@type\":\"SearchAction\",\"target\":{\"@type\":\"EntryPoint\",\"urlTemplate\":\"https:\/\/fit-training.ch\/?s={search_term_string}\"},\"query-input\":\"required name=search_term_string\"}],\"inLanguage\":\"de\"},{\"@type\":\"WebPage\",\"@id\":\"https:\/\/fit-training.ch\/index.php\/xco-walking\/#webpage\",\"url\":\"https:\/\/fit-training.ch\/index.php\/xco-walking\/\",\"name\":\"XCO Walking - Fit-Training\",\"isPartOf\":{\"@id\":\"https:\/\/fit-training.ch\/#website\"},\"datePublished\":\"2020-09-03T22:04:25+00:00\",\"dateModified\":\"2020-11-26T21:14:42+00:00\",\"breadcrumb\":{\"@id\":\"https:\/\/fit-training.ch\/index.php\/xco-walking\/#breadcrumb\"},\"inLanguage\":\"de\",\"potentialAction\":[{\"@type\":\"ReadAction\",\"target\":[\"https:\/\/fit-training.ch\/index.php\/xco-walking\/\"]}]},{\"@type\":\"BreadcrumbList\",\"@id\":\"https:\/\/fit-training.ch\/index.php\/xco-walking\/#breadcrumb\",\"itemListElement\":[{\"@type\":\"ListItem\",\"position\":1,\"name\":\"Home\",\"item\":\"https:\/\/fit-training.ch\/\"},{\"@type\":\"ListItem\",\"position\":2,\"name\":\"XCO Walking\"}]}]}<\/script>\r\n<!-- \/ Yoast SEO plugin. -->","yoast_head_json":{"title":"XCO Walking - Fit-Training","robots":{"index":"index","follow":"follow","max-snippet":"max-snippet:-1","max-image-preview":"max-image-preview:large","max-video-preview":"max-video-preview:-1"},"canonical":"https:\/\/fit-training.ch\/index.php\/xco-walking\/","og_locale":"de_DE","og_type":"article","og_title":"XCO Walking - Fit-Training","og_description":"XCO\u00ae-Walking\/-Running\u00a0ist ein ideales Ausdauersportprogramm f\u00fcr Einsteiger, Fortgeschrittene, Leistungssportler, \u00dcbergewichtige oder auch f\u00fcr Senioren. Die beiden witterungsbest\u00e4ndigen Aluminiumr\u00f6hren sind ca. 27&hellip;","og_url":"https:\/\/fit-training.ch\/index.php\/xco-walking\/","og_site_name":"Fit-Training","article_modified_time":"2020-11-26T21:14:42+00:00","twitter_card":"summary_large_image","twitter_misc":{"Gesch\u00e4tzte Lesezeit":"1\u00a0Minute"},"schema":{"@context":"https:\/\/schema.org","@graph":[{"@type":"WebSite","@id":"https:\/\/fit-training.ch\/#website","url":"https:\/\/fit-training.ch\/","name":"Fit-Training","description":"von Jsabelle Blattmann","potentialAction":[{"@type":"SearchAction","target":{"@type":"EntryPoint","urlTemplate":"https:\/\/fit-training.ch\/?s={search_term_string}"},"query-input":"required name=search_term_string"}],"inLanguage":"de"},{"@type":"WebPage","@id":"https:\/\/fit-training.ch\/index.php\/xco-walking\/#webpage","url":"https:\/\/fit-training.ch\/index.php\/xco-walking\/","name":"XCO Walking - Fit-Training","isPartOf":{"@id":"https:\/\/fit-training.ch\/#website"},"datePublished":"2020-09-03T22:04:25+00:00","dateModified":"2020-11-26T21:14:42+00:00","breadcrumb":{"@id":"https:\/\/fit-training.ch\/index.php\/xco-walking\/#breadcrumb"},"inLanguage":"de","potentialAction":[{"@type":"ReadAction","target":["https:\/\/fit-training.ch\/index.php\/xco-walking\/"]}]},{"@type":"BreadcrumbList","@id":"https:\/\/fit-training.ch\/index.php\/xco-walking\/#breadcrumb","itemListElement":[{"@type":"ListItem","position":1,"name":"Home","item":"https:\/\/fit-training.ch\/"},{"@type":"ListItem","position":2,"name":"XCO Walking"}]}]}},"_links":{"self":[{"href":"https:\/\/fit-training.ch\/index.php\/wp-json\/wp\/v2\/pages\/33"}],"collection":[{"href":"https:\/\/fit-training.ch\/index.php\/wp-json\/wp\/v2\/pages"}],"about":[{"href":"https:\/\/fit-training.ch\/index.php\/wp-json\/wp\/v2\/types\/page"}],"author":[{"embeddable":true,"href":"https:\/\/fit-training.ch\/index.php\/wp-json\/wp\/v2\/users\/1"}],"replies":[{"embeddable":true,"href":"https:\/\/fit-training.ch\/index.php\/wp-json\/wp\/v2\/comments?post=33"}],"version-history":[{"count":13,"href":"https:\/\/fit-training.ch\/index.php\/wp-json\/wp\/v2\/pages\/33\/revisions"}],"predecessor-version":[{"id":201,"href":"https:\/\/fit-training.ch\/index.php\/wp-json\/wp\/v2\/pages\/33\/revisions\/201"}],"wp:attachment":[{"href":"https:\/\/fit-training.ch\/index.php\/wp-json\/wp\/v2\/media?parent=33"}],"curies":[{"name":"wp","href":"https:\/\/api.w.org\/{rel}","templated":true}]}}